{"id":1131,"date":"2022-01-28T09:54:21","date_gmt":"2022-01-28T09:54:21","guid":{"rendered":"https:\/\/welovewarstein.de\/?page_id=1131"},"modified":"2022-01-28T10:57:06","modified_gmt":"2022-01-28T10:57:06","slug":"impressum","status":"publish","type":"page","link":"https:\/\/welovewarstein.de\/?page_id=1131","title":{"rendered":"Impressum"},"content":{"rendered":"<p>\n    <a href=\"https:\/\/welovewarstein.de\/\">Zur\u00fcck<\/a>\n<\/p>\n<div>\n<h1>Impressum<\/h1>\n<h2>Angaben gem\u00e4\u00df \u00a7 5 TMG<\/h2>\n<p>We love Warstein e.V.<br \/>\nHauptstra\u00dfe 93<br \/>\n59581 Warstein<\/p>\n<p>Vereinsregister: VR 1529<br \/>\nRegistergericht: Amtsgericht Arnsberg<\/p>\n<p><strong>Vertreten durch:<\/strong><br \/>\n1. Vorsitzender G\u00fcnther Risse<br \/>\n2. Vorsitzender Rolf Cramer<br \/>\nKassierer Florian Hoeck<\/p>\n<h2>Kontakt<\/h2>\n<p>Telefon: +49 (0) 123 44 55 66<br \/>\nE-Mail: info@welovewarstein.de<\/p>\n<h2>Redaktionell verantwortlich<\/h2>\n<p>1. Vorsitzender G\u00fcnther Risse<br \/>\n2. Vorsitzender Rolf Cramer<br \/>\nKassierer Florian Hoeck<\/p>\n<h2>Verbraucher\u00adstreit\u00adbeilegung\/Universal\u00adschlichtungs\u00adstelle<\/h2>\n<p>Wir sind nicht bereit oder verpflichtet, an Streitbeilegungsverfahren vor einer Verbraucherschlichtungsstelle teilzunehmen.<\/p>\n<\/div>\n<p>\n    <a href=\"https:\/\/welovewarstein.de\/\">Zur\u00fcck<\/a>\n<\/p>\n<p><!--more--><br \/>\n<!-- {\"type\":\"layout\",\"children\":[{\"type\":\"section\",\"props\":{\"style\":\"default\",\"width\":\"default\",\"vertical_align\":\"middle\",\"title_position\":\"top-left\",\"title_rotation\":\"left\",\"title_breakpoint\":\"xl\",\"image_position\":\"center-center\"},\"children\":[{\"type\":\"row\",\"children\":[{\"type\":\"column\",\"props\":{\"position_sticky_breakpoint\":\"m\",\"image_position\":\"center-center\",\"media_overlay_gradient\":\"\"},\"children\":[{\"type\":\"button\",\"props\":{\"grid_column_gap\":\"small\",\"grid_row_gap\":\"small\",\"margin\":\"default\"},\"children\":[{\"type\":\"button_item\",\"props\":{\"button_style\":\"primary\",\"icon_align\":\"left\",\"content\":\"Zur\\u00fcck\",\"link\":\"https:\\\/\\\/welovewarstein.de\\\/\"}}]},{\"type\":\"html\",\"props\":{\"content\":\"\n\n<h1>Impressum<\\\/h1>\\n\\n\n\n<h2>Angaben gem\\u00e4\\u00df \\u00a7 5 TMG<\\\/h2>\\n\n\n<p>We love Warstein e.V.<br \\\/>\\nHauptstra\\u00dfe 93<br \\\/>\\n59581 Warstein<\\\/p>\\n\\n\n\n<p>Vereinsregister: VR 1529<br \\\/>\\nRegistergericht: Amtsgericht Arnsberg<\\\/p>\\n\\n\n\n<p><strong>Vertreten durch:<\\\/strong><br \\\/>\\n1. Vorsitzender G\\u00fcnther Risse<br \\\/>\\n2. Vorsitzender Rolf Cramer<br \\\/>\\nKassierer Florian Hoeck<\\\/p>\\n\\n\n\n<h2>Kontakt<\\\/h2>\\n\n\n<p>Telefon: +49 (0) 123 44 55 66<br \\\/>\\nE-Mail: info@welovewarstein.de<\\\/p>\\n\\n\n\n<h2>Redaktionell verantwortlich<\\\/h2>\\n\n\n<p>1. Vorsitzender G\\u00fcnther Risse<br \\\/>\\n2. Vorsitzender Rolf Cramer<br \\\/>\\nKassierer Florian Hoeck<\\\/p>\\n\\n\n\n<h2>Verbraucher\\u00adstreit\\u00adbeilegung\\\/Universal\\u00adschlichtungs\\u00adstelle<\\\/h2>\\n\n\n<p>Wir sind nicht bereit oder verpflichtet, an Streitbeilegungsverfahren vor einer Verbraucherschlichtungsstelle teilzunehmen.<\\\/p>\\n\\n\"}},{\"type\":\"button\",\"props\":{\"grid_column_gap\":\"small\",\"grid_row_gap\":\"small\",\"margin\":\"default\"},\"children\":[{\"type\":\"button_item\",\"props\":{\"button_style\":\"primary\",\"icon_align\":\"left\",\"content\":\"Zur\\u00fcck\",\"link\":\"https:\\\/\\\/welovewarstein.de\\\/\"}}]}]}]}]}],\"version\":\"2.7.14\"} --><\/p>\n","protected":false},"excerpt":{"rendered":"<p>Zur\u00fcck Impressum Angaben gem\u00e4\u00df \u00a7 5 TMG We love Warstein e.V. Hauptstra\u00dfe 93 59581 Warstein Vereinsregister: VR 1529 Registergericht: Amtsgericht Arnsberg Vertreten durch: 1. Vorsitzender G\u00fcnther Risse 2. Vorsitzender Rolf Cramer Kassierer Florian Hoeck Kontakt Telefon: +49 (0) 123 44 55 66 E-Mail: info@welovewarstein.de Redaktionell verantwortlich 1. Vorsitzender G\u00fcnther Risse 2. Vorsitzender Rolf Cramer Kassierer [&hellip;]<\/p>\n","protected":false},"author":1,"featured_media":0,"parent":0,"menu_order":0,"comment_status":"closed","ping_status":"closed","template":"","meta":[],"acf":[],"_links":{"self":[{"href":"https:\/\/welovewarstein.de\/index.php?rest_route=\/wp\/v2\/pages\/1131"}],"collection":[{"href":"https:\/\/welovewarstein.de\/index.php?rest_route=\/wp\/v2\/pages"}],"about":[{"href":"https:\/\/welovewarstein.de\/index.php?rest_route=\/wp\/v2\/types\/page"}],"author":[{"embeddable":true,"href":"https:\/\/welovewarstein.de\/index.php?rest_route=\/wp\/v2\/users\/1"}],"replies":[{"embeddable":true,"href":"https:\/\/welovewarstein.de\/index.php?rest_route=%2Fwp%2Fv2%2Fcomments&post=1131"}],"version-history":[{"count":5,"href":"https:\/\/welovewarstein.de\/index.php?rest_route=\/wp\/v2\/pages\/1131\/revisions"}],"predecessor-version":[{"id":1144,"href":"https:\/\/welovewarstein.de\/index.php?rest_route=\/wp\/v2\/pages\/1131\/revisions\/1144"}],"wp:attachment":[{"href":"https:\/\/welovewarstein.de\/index.php?rest_route=%2Fwp%2Fv2%2Fmedia&parent=1131"}],"curies":[{"name":"wp","href":"https:\/\/api.w.org\/{rel}","templated":true}]}}